{"id":309,"date":"2019-02-13T16:55:45","date_gmt":"2019-02-13T15:55:45","guid":{"rendered":"https:\/\/pierresang.com\/boutique-oberkampf\/?page_id=309"},"modified":"2019-02-13T16:55:45","modified_gmt":"2019-02-13T15:55:45","slug":"mentions-legales-et-politique-de-confidentialite","status":"publish","type":"page","link":"https:\/\/pierresang.com\/boutique-oberkampf\/mentions-legales-et-politique-de-confidentialite\/","title":{"rendered":"Mentions l\u00e9gales et politique de confidentialit\u00e9"},"content":{"rendered":"<div class=\"wpb-content-wrapper\"><p>[vc_row][vc_column width=\u00a0\u00bb1\/1&Prime;][vc_column_text]<\/p>\n<ol>\n<li><b><\/b><b>Informations l\u00e9gales<\/b><\/li>\n<\/ol>\n<p>En vertu de l&rsquo;article 6 de la loi n\u00b0 2004-575 du 21 juin 2004 pour la confiance dans l&rsquo;\u00e9conomie num\u00e9rique, il est pr\u00e9cis\u00e9 aux utilisateurs du site www.pierresangboyer.com l&rsquo;identit\u00e9 des diff\u00e9rents intervenants dans le cadre de sa r\u00e9alisation et de son suivi :<\/p>\n<ul>\n<li>Propri\u00e9taire : Alios Holding \u2013 833\u00a0111 750 \u2013 47 rue Oberkampf, 75011<\/li>\n<li>Cr\u00e9ateur : Je sors en ville<\/li>\n<li>Responsable publication : Pierre Sang Boyer \u2013 contact@pierresangboyer.com<\/li>\n<li>Le responsable publication est une personne physique ou une personne morale.<\/li>\n<li>Webmaster : Je sors en ville \u2013 contact@jesorsenville.com<\/li>\n<li>H\u00e9bergeur : OVH \u2013 2 rue Kellermann 59100 ROUBAIX<\/li>\n<\/ul>\n<p>Si vous souhaitez nous poser des questions d&rsquo;ordre g\u00e9n\u00e9ral sur notre site web, mettre \u00e0 jour vos pr\u00e9f\u00e9rences marketing ou modifier vos informations personnelles, veuillez acc\u00e9der \u00e0 la page <b>\u00ab\u00a0Nous contacter\u00a0\u00bb<\/b> de ce site pour contacter notre service client.<\/p>\n<ol start=\"2\">\n<li><b><\/b><b>Conditions g\u00e9n\u00e9rales d\u2019utilisation du site<\/b><\/li>\n<\/ol>\n<p>L\u2019utilisation de notre site implique l\u2019acceptation pleine et enti\u00e8re des conditions g\u00e9n\u00e9rales d\u2019utilisation ci-apr\u00e8s d\u00e9crites. Ces conditions d\u2019utilisation sont susceptibles d\u2019\u00eatre modifi\u00e9es ou compl\u00e9t\u00e9es \u00e0 tout moment. Les utilisateurs du site sont donc invit\u00e9s \u00e0 les consulter de mani\u00e8re r\u00e9guli\u00e8re.<\/p>\n<p>Ce site est normalement accessible \u00e0 tout moment aux utilisateurs. Une interruption pour raison de maintenance technique peut \u00eatre toutefois d\u00e9cid\u00e9e.<\/p>\n<p>Le site\u00a0est mis \u00e0 jour r\u00e9guli\u00e8rement. De la m\u00eame fa\u00e7on, les mentions l\u00e9gales peuvent \u00eatre modifi\u00e9es \u00e0 tout moment : elles s\u2019imposent n\u00e9anmoins \u00e0 l\u2019utilisateur qui est invit\u00e9 \u00e0 s\u2019y r\u00e9f\u00e9rer le plus souvent possible afin d\u2019en prendre connaissance.<\/p>\n<ol start=\"3\">\n<li><b><\/b><b>Services propos\u00e9s<span class=\"Apple-converted-space\">\u00a0<\/span><\/b><\/li>\n<\/ol>\n<p>Le site a pour objet de fournir une information concernant l\u2019ensemble des activit\u00e9s de la soci\u00e9t\u00e9, de proposer des r\u00e9servations, d\u2019effectuer des achats en ligne.<\/p>\n<p>Notre soci\u00e9t\u00e9 s\u2019efforce de fournir sur le site des informations aussi pr\u00e9cises que possible. Toutefois, il ne pourra \u00eatre tenue responsable des omissions, des inexactitudes et des carences dans la mise \u00e0 jour, qu\u2019elles soient de son fait ou du fait des tiers partenaires qui lui fournissent ces informations.<\/p>\n<p>Tous les informations indiqu\u00e9es sur notre site sont donn\u00e9es \u00e0 titre indicatif, et sont susceptibles d\u2019\u00e9voluer. Par ailleurs, les renseignements figurant sur notre site ne sont pas exhaustifs. Ils sont donn\u00e9s sous r\u00e9serve de modifications ayant \u00e9t\u00e9 apport\u00e9es depuis leur mise en ligne.<\/p>\n<ol start=\"4\">\n<li><b><\/b><b>Propri\u00e9t\u00e9 intellectuelle et contrefa\u00e7ons.<\/b><\/li>\n<\/ol>\n<p>Sauf mention contraire, nous sommes propri\u00e9taires des droits de propri\u00e9t\u00e9 intellectuelle ou des droits d\u2019usage des \u00e9l\u00e9ments accessibles sur le site.<\/p>\n<p>Cr\u00e9dits photos\u00a0: St\u00e9phane De Bourgies, Nicolas Villion<\/p>\n<p>Toute reproduction, repr\u00e9sentation, modification, publication, adaptation de tout ou partie des \u00e9l\u00e9ments du site, quel que soit le moyen ou le proc\u00e9d\u00e9 utilis\u00e9, est interdite, sauf autorisation \u00e9crite pr\u00e9alable de notre part.<\/p>\n<p>Toute exploitation non autoris\u00e9e du site ou de l\u2019un quelconque des \u00e9l\u00e9ments qu\u2019il contient sera consid\u00e9r\u00e9e comme constitutive d\u2019une contrefa\u00e7on et poursuivie conform\u00e9ment aux dispositions des articles L.335-2 et suivants du Code de Propri\u00e9t\u00e9 Intellectuelle.<\/p>\n<ol start=\"5\">\n<li><b><\/b><b>Limitations de responsabilit\u00e9<\/b><\/li>\n<\/ol>\n<p>Nous ne pourrons \u00eatre tenue responsable des dommages directs et indirects caus\u00e9s au mat\u00e9riel de l\u2019utilisateur, lors de l\u2019acc\u00e8s \u00e0 notre site et r\u00e9sultant soit de l\u2019utilisation d\u2019un mat\u00e9riel ne r\u00e9pondant pas aux pr\u00e9requis (mat\u00e9riel r\u00e9cent, ne contenant pas de virus et avec un navigateur de derni\u00e8re g\u00e9n\u00e9ration mis-\u00e0-jour), soit de l\u2019apparition d\u2019un bug ou d\u2019une incompatibilit\u00e9.<\/p>\n<p>Nous ne pourrons \u00e9galement \u00eatre tenue responsable des dommages indirects (tels par exemple qu\u2019une perte de march\u00e9 ou perte d\u2019une chance) cons\u00e9cutifs \u00e0 l\u2019utilisation de notre site web.<\/p>\n<p>Des espaces interactifs (possibilit\u00e9 de poser des questions dans l\u2019espace contact) sont \u00e0 la disposition des utilisateurs. Nous nous r\u00e9servons le droit de supprimer, sans mise en demeure pr\u00e9alable, tout contenu d\u00e9pos\u00e9 dans cet espace qui contreviendrait \u00e0 la l\u00e9gislation applicable en France, en particulier aux dispositions relatives \u00e0 la protection des donn\u00e9es. Le cas \u00e9ch\u00e9ant, nous nous r\u00e9servons \u00e9galement la possibilit\u00e9 de mettre en cause la responsabilit\u00e9 civile et\/ou p\u00e9nale de l\u2019utilisateur, notamment en cas de message \u00e0 caract\u00e8re raciste, injurieux, diffamant, ou pornographique, quel que soit le support utilis\u00e9 (texte, photographie\u2026).<\/p>\n<ol start=\"6\">\n<li><b><\/b><b>Informations collect\u00e9es<\/b><\/li>\n<\/ol>\n<ol>\n<li>Informations collect\u00e9es automatiquement<\/li>\n<\/ol>\n<ul>\n<li>Votre adresse IP<\/li>\n<li>L&rsquo;appareil et le navigateur web que vous utilisez<\/li>\n<li>La date et l&rsquo;heure de votre visite sur notre site web, ainsi que la mani\u00e8re dont vous utilisez ce dernier et acc\u00e9dez \u00e0 son contenu<\/li>\n<li>L&rsquo;historique de vos achats et paiements<\/li>\n<\/ul>\n<p>Si vous \u00eates enregistr\u00e9 en tant que client, nous associons ces donn\u00e9es collect\u00e9es automatiquement aux autres informations que nous collectons \u00e0 votre sujet et qui sont d\u00e9crites ci-apr\u00e8s. Nous utilisons ces informations \u00e0 diff\u00e9rentes fins d\u00e9crites ci-apr\u00e8s.<\/p>\n<ol start=\"2\">\n<li>Cr\u00e9ation de compte ou achat<\/li>\n<\/ol>\n<ul>\n<li>Votre nom<\/li>\n<li>Vos coordonn\u00e9es (telles que votre adresse e-mail, votre adresse postale et vos num\u00e9ros de t\u00e9l\u00e9phone)<\/li>\n<li>Votre mot de passe<\/li>\n<li>Vos informations de paiement (telles que les informations relatives \u00e0 votre carte de paiement ou \u00e0 votre compte bancaire)<\/li>\n<\/ul>\n<ol start=\"3\">\n<li>Avis<\/li>\n<\/ol>\n<p>Les avis clients publi\u00e9s sur notre site web sont accessibles \u00e0 tous. N&rsquo;incluez donc pas d&rsquo;informations que vous ne souhaitez pas partager publiquement.<\/p>\n<ol start=\"4\">\n<li>Formulaire de contact<\/li>\n<\/ol>\n<p>Vous \u00eates susceptible de fournir des informations personnelles lorsque vous contactez notre service client.\u00a0Les informations collect\u00e9es (nom, adresse mail, num\u00e9ro de t\u00e9l\u00e9phone et autres informations obligatoires du formulaire de contact) ne sont pas utilis\u00e9es \u00e0 des fins commerciales.<\/p>\n<p>&nbsp;<\/p>\n<ol start=\"5\">\n<li>Pourquoi collectons-nous ces informations\u00a0?<\/li>\n<\/ol>\n<p>Nous utilisons les informations que nous collectons \u00e0 votre sujet aux fins suivantes\u00a0:<\/p>\n<ul>\n<li>Honorer votre commande et offrir le service client associ\u00e9 ;<\/li>\n<li>Vous informer des produits et services susceptibles de vous int\u00e9resser ;<\/li>\n<li>Maintenir, am\u00e9liorer et administrer notre site web ;<\/li>\n<li>Am\u00e9liorer ou personnaliser votre exp\u00e9rience en ligne, nos services et la fa\u00e7on dont nous communiquons avec vous ;<\/li>\n<li>Identifier et \u00e9viter les utilisations frauduleuses ;<\/li>\n<li>Am\u00e9liorer la s\u00e9curit\u00e9 de notre r\u00e9seau et de nos syst\u00e8mes d&rsquo;information ;<\/li>\n<li>Mieux comprendre la fa\u00e7on dont nos visiteurs utilisent notre site web, et d\u00e9terminer l&rsquo;efficacit\u00e9 de nos publicit\u00e9s et campagnes publicitaires.<\/li>\n<\/ul>\n<ol start=\"6\">\n<li>Qui a acc\u00e8s \u00e0 vos informations\u00a0?<\/li>\n<\/ol>\n<p>Nous limitons l&rsquo;acc\u00e8s \u00e0 vos informations aux seuls employ\u00e9s qui ont besoin de les utiliser. Ils ont l&rsquo;obligation de les prot\u00e9ger et d&rsquo;en pr\u00e9server la confidentialit\u00e9.<\/p>\n<p>Nous sommes susceptibles de transmettre les informations que nous collectons \u00e0 votre sujet \u00e0 d&rsquo;autres entreprises charg\u00e9es de traiter ces informations pour notre compte. Elles nous assistent, par exemple, dans les t\u00e2ches suivantes\u00a0:<\/p>\n<ul>\n<li>R\u00e9alisation ou livraison de votre commande<\/li>\n<li>Stockage et s\u00e9curisation des donn\u00e9es<\/li>\n<li>Traitement des paiements<\/li>\n<li>Activit\u00e9s de marketing, d&rsquo;analyse et de d\u00e9tection des fraudes<\/li>\n<li>Service client<\/li>\n<\/ul>\n<p>Nous sommes \u00e9galement susceptibles de partager vos informations, en application et dans le respect de la loi, si nous estimons que leur divulgation s&rsquo;applique \u00e0 la coop\u00e9ration lors d&rsquo;investigations sur des activit\u00e9s d\u00e9clar\u00e9es ill\u00e9gales, \u00e0 l&rsquo;ex\u00e9cution de nos conditions g\u00e9n\u00e9rales de vente, ou \u00e0 la protection de nos droits ou de notre propri\u00e9t\u00e9, ou de ceux d&rsquo;un tiers.<\/p>\n<p>Enfin, nous sommes susceptibles de partager vos informations personnelles avec un ou plusieurs tiers dans le cas d&rsquo;une fusion, d&rsquo;une acquisition ou d&rsquo;une r\u00e9organisation d&rsquo;entreprise nous concernant.<\/p>\n<ol start=\"7\">\n<li>Droits d&rsquo;acc\u00e8s \u00e0 vos informations personnelles<\/li>\n<\/ol>\n<p>Vous avez le droit\u00a0:<\/p>\n<ul>\n<li>D&rsquo;acc\u00e9der \u00e0 vos informations personnelles\u00a0;<\/li>\n<li>De vous d\u00e9sabonner de nos op\u00e9rations marketing ou de retirer tout consentement que vous nous aviez donn\u00e9\u00a0;<\/li>\n<li>De demander un exemplaire des informations personnelles trait\u00e9es par nos soins\u00a0;<\/li>\n<li>D&rsquo;exiger la correction ou la suppression de vos informations personnelles.<\/li>\n<\/ul>\n<p>Pour exercer l&rsquo;un des droits list\u00e9s ci-dessus, vous pouvez contacter notre service client. Pour ce faire, acc\u00e9dez \u00e0 la page \u00ab\u00a0Nous contacter\u00a0\u00bb de ce site web.<\/p>\n<p>Vous pouvez \u00e9galement exercer vous-m\u00eame certains de ces droits en acc\u00e9dant \u00e0 \u00ab\u00a0Mon compte\u00a0\u00bb, en s\u00e9lectionnant \u00ab\u00a0Mise \u00e0 jour du compte\u00a0\u00bb, puis en modifiant vos informations personnelles et vos pr\u00e9f\u00e9rences.<\/p>\n<p>Enfin, vous pouvez \u00e9galement faire votre demande en \u00e9crivant \u00e0 47 rue Oberkampf, 75011 Paris. Veuillez indiquer vos nom, adresse e-mail, adresse postale et num\u00e9ro de t\u00e9l\u00e9phone, ainsi que votre demande pr\u00e9cise.<\/p>\n<p>M\u00eame si vous choisissez de faire partie des listes refus d&rsquo;e-mail, refus d&rsquo;appels et\/ou refus de courrier, nous pouvons \u00e9ventuellement vous faire parvenir des messages par l&rsquo;un de ces biais concernant vos commandes, votre compte ou d&rsquo;autres fins administratives.<\/p>\n<ol start=\"8\">\n<li>Protection des informations personnelles<\/li>\n<\/ol>\n<p>Nous disposons de protections physiques et \u00e9lectroniques, et de proc\u00e9dures con\u00e7ues pour nous aider \u00e0 pr\u00e9server la confidentialit\u00e9 de vos informations personnelles. Par exemple, nous utilisons la technologie de chiffrement SSL (Secure Socket Layer) pour chiffrer les informations de votre carte de paiement lorsque vous achetez des produits sur notre site web.<span class=\"Apple-converted-space\">\u00a0<\/span><\/p>\n<p>Quand vous cr\u00e9ez un compte, vous choisissez un mot de passe pour prot\u00e9ger les donn\u00e9es de votre compte. Votre mot de passe doit \u00eatre efficace et s\u00e9curis\u00e9. Vous pouvez changer ce mot de passe aussi souvent que vous le souhaitez en acc\u00e9dant \u00e0 \u00ab\u00a0Mon compte\u00a0\u00bb et en choisissant \u00ab\u00a0Mise \u00e0 jour du compte\u00a0\u00bb.<\/p>\n<ol start=\"7\">\n<li><b><\/b><b>Cookies<\/b><\/li>\n<\/ol>\n<p>Les cookies sont de petits fichiers de donn\u00e9es qui contiennent souvent un identifiant unique. Ils sont envoy\u00e9s \u00e0 votre appareil et stock\u00e9s sur celui-ci lorsque vous visitez certaines pages web.\u00a0 Les cookies sont utiles, car ils permettent au site web de reconna\u00eetre l&rsquo;appareil de l&rsquo;utilisateur.\u00a0 Comme la plupart des sites web, notre site utilise des cookies qui, entre autres, vous permettent de naviguer efficacement entre les pages, se souviennent de vos pr\u00e9f\u00e9rences et, de mani\u00e8re g\u00e9n\u00e9rale, am\u00e9liorent votre exp\u00e9rience sur notre site.<span class=\"Apple-converted-space\">\u00a0<\/span><\/p>\n<p>Vous devez accepter les cookies sur votre ordinateur, tablette ou appareil mobile (\u00ab\u00a0appareil\u00a0\u00bb) pour profiter d&rsquo;une bonne exp\u00e9rience de navigation sur notre site, commander des produits et utiliser des fonctionnalit\u00e9s personnalis\u00e9es.<\/p>\n<p>Si vous n&rsquo;acceptez pas les cookies, certaines fonctionnalit\u00e9s de notre site ne fonctionneront pas. Toutefois, si vous pr\u00e9f\u00e9rez contr\u00f4ler ou supprimer les cookies de notre site web, veuillez vous reporter \u00e0 la section relative \u00e0 la gestion des cookies ci-apr\u00e8s.<\/p>\n<ol>\n<li>Quels types de cookies utilisons-nous sur notre site web\u00a0?<\/li>\n<\/ol>\n<p>Notre site web utilise les types de cookies suivants\u00a0:<\/p>\n<ul>\n<li>Cookies strictement n\u00e9cessaires<\/li>\n<\/ul>\n<p>Ces cookies fournissent les services que vous avez express\u00e9ment demand\u00e9s sur notre site web, et ils sont essentiels pour vous permettre de naviguer sur notre site et d&rsquo;utiliser ses fonctionnalit\u00e9s.<\/p>\n<ul>\n<li>Cookies de performance<\/li>\n<\/ul>\n<p>Ces cookies collectent des informations anonymes sur les pages visit\u00e9es. Ils collectent des informations sur la fa\u00e7on dont les visiteurs utilisent le site web, par exemple quelles sont les pages les plus visit\u00e9es ou celles g\u00e9n\u00e9rant des messages d&rsquo;erreur. Ils ne collectent pas d&rsquo;informations permettant d&rsquo;identifier un visiteur et sont uniquement utilis\u00e9s pour am\u00e9liorer le fonctionnement du site.<\/p>\n<ul>\n<li>Cookies de fonctionnalit\u00e9<\/li>\n<\/ul>\n<p>Ces cookies permettent \u00e0 notre site web de retenir vos choix (votre nom d&rsquo;utilisateur, votre langue, le pays o\u00f9 vous vous trouvez, etc.) et de vous offrir des fonctionnalit\u00e9s plus personnelles et am\u00e9lior\u00e9es.<\/p>\n<ul>\n<li>Cookies publicitaires<\/li>\n<\/ul>\n<p>Ces cookies sont utilis\u00e9s pour diffuser des publicit\u00e9s plus pertinentes et en rapport avec vos centres d&rsquo;int\u00e9r\u00eat. Ils sont \u00e9galement utilis\u00e9s pour limiter le nombre de fois que vous voyez une publicit\u00e9 et aider \u00e0 mesurer l&rsquo;efficacit\u00e9 d&rsquo;une campagne publicitaire. Ces cookies sont habituellement des cookies tiers.<\/p>\n<ul>\n<li>Cookies tiers<\/li>\n<\/ul>\n<p>Si vous naviguez sur notre site, vous remarquerez peut-\u00eatre du contenu fourni par une entreprise autre que la n\u00f4tre. En outre, si vous \u00ab\u00a0partagez\u00a0\u00bb du contenu avec des amis via les r\u00e9seaux sociaux, tels que Facebook, Twitter, Instagram ces derniers peuvent vous envoyer des cookies.<\/p>\n<p>Nous n&rsquo;avons pas acc\u00e8s aux cookies utilis\u00e9s par ces entreprises ou sites web tiers, et ne les contr\u00f4lons en aucune mani\u00e8re. Nous vous sugg\u00e9rons de consulter les sites web tiers pour obtenir de plus amples informations sur leurs cookies et la gestion de ces derniers.<\/p>\n<ol start=\"2\">\n<li>Comment choisir les cookies plac\u00e9s sur votre appareil\u00a0?<\/li>\n<\/ol>\n<p>Les cookies vous permettent de profiter de certaines fonctionnalit\u00e9s essentielles de notre site, et nous vous recommandons de ne pas les d\u00e9sactiver. Veuillez noter que si d\u00e9sactiver ou supprimer certains cookies peut entra\u00eener l\u2019impossibilit\u00e9 d\u2019acc\u00e9der \u00e0 certains services. L\u2019utilisateur peut toutefois configurer son ordinateur de la mani\u00e8re suivante, pour refuser l\u2019installation des cookies :<\/p>\n<ul>\n<li>Sous Internet Explorer : onglet outil (pictogramme en forme de rouage en haut \u00e0 droite) \/ options internet. Cliquez sur Confidentialit\u00e9 et choisissez Bloquer tous les cookies. Validez sur Ok.<\/li>\n<li>Sous Firefox : en haut de la fen\u00eatre du navigateur, cliquez sur le bouton Firefox, puis aller dans l\u2019onglet Options. Cliquer sur l\u2019onglet Vie priv\u00e9e.<br \/>\nParam\u00e9trez les R\u00e8gles de conservation sur : utiliser les param\u00e8tres personnalis\u00e9s pour l\u2019historique. Enfin d\u00e9cochez-la pour d\u00e9sactiver les cookies.<\/li>\n<li>Sous Safari : Cliquez en haut \u00e0 droite du navigateur sur le pictogramme de menu (symbolis\u00e9 par un rouage). S\u00e9lectionnez Param\u00e8tres. Cliquez sur Afficher les param\u00e8tres avanc\u00e9s. Dans la section \u00ab\u00a0Confidentialit\u00e9\u00a0\u00bb, cliquez sur Param\u00e8tres de contenu. Dans la section \u00ab\u00a0Cookies\u00a0\u00bb, vous pouvez bloquer les cookies.<\/li>\n<li>Sous Chrome : Cliquez en haut \u00e0 droite du navigateur sur le pictogramme de menu (symbolis\u00e9 par trois lignes horizontales). S\u00e9lectionnez Param\u00e8tres. Cliquez sur Afficher les param\u00e8tres avanc\u00e9s. Dans la section \u00ab\u00a0Confidentialit\u00e9\u00a0\u00bb, cliquez sur pr\u00e9f\u00e9rences. Dans l\u2019onglet \u00ab\u00a0Confidentialit\u00e9\u00a0\u00bb, vous pouvez bloquer les cookies.<\/li>\n<\/ul>\n<ol start=\"8\">\n<li><b><\/b><b>Liens hypertextes<\/b><\/li>\n<\/ol>\n<p>Notre site web\u00a0contient un certain nombre de liens hypertextes vers d\u2019autres sites. Cependant, nous n\u2019avons pas la possibilit\u00e9 de v\u00e9rifier le contenu des sites ainsi visit\u00e9s, et n\u2019assumerons en cons\u00e9quence aucune responsabilit\u00e9 de ce fait.<\/p>\n<ol start=\"9\">\n<li><b><\/b><b>Droit applicable et attribution de juridiction<\/b><\/li>\n<\/ol>\n<p>Tout litige en relation avec l\u2019utilisation du notre site web est soumis au droit fran\u00e7ais. Il est fait attribution exclusive de juridiction aux tribunaux comp\u00e9tents de Lyon.<\/p>\n<ol start=\"10\">\n<li><b><\/b><b>Les principales lois concern\u00e9es<\/b><\/li>\n<\/ol>\n<p>Loi n\u00b0 78-17 du 6 janvier 1978, notamment modifi\u00e9e par la loi n\u00b0 2004-801 du 6 ao\u00fbt 2004 relative \u00e0 l\u2019informatique, aux fichiers et aux libert\u00e9s.<\/p>\n<p>Loi n\u00b0 2004-575 du 21 juin 2004 pour la confiance dans l\u2019\u00e9conomie num\u00e9rique.<\/p>\n<p>R\u00e8glement n\u00b02016\/679 dit r\u00e8glement g\u00e9n\u00e9ral sur la protection des donn\u00e9es (RGPD) relative \u00e0 la protection des donn\u00e9es personnelles.<\/p>\n<ol start=\"11\">\n<li><b><\/b><b>Lexique<\/b><\/li>\n<\/ol>\n<p>Utilisateur : Internaute se connectant, utilisant le site susnomm\u00e9.<\/p>\n<p>Informations personnelles : \u00ab les informations qui permettent, sous quelque forme que ce soit, directement ou non, l\u2019identification des personnes physiques auxquelles elles s\u2019appliquent \u00bb (article 4 de la loi n\u00b0 78-17 du 6 janvier 1978).[\/vc_column_text][\/vc_column][\/vc_row]<\/p>\n<\/div>","protected":false},"excerpt":{"rendered":"<p>[vc_row][vc_column width=\u00a0\u00bb1\/1&Prime;][vc_column_text] Informations l\u00e9gales En vertu de l&rsquo;article 6 de la loi n\u00b0 2004-575 du 21 juin 2004 pour la [&hellip;]<\/p>\n","protected":false},"author":1,"featured_media":0,"parent":0,"menu_order":0,"comment_status":"closed","ping_status":"closed","template":"","meta":{"_exactmetrics_skip_tracking":false,"_exactmetrics_sitenote_active":false,"_exactmetrics_sitenote_note":"","_exactmetrics_sitenote_category":0,"footnotes":""},"class_list":["post-309","page","type-page","status-publish","hentry"],"_links":{"self":[{"href":"https:\/\/pierresang.com\/boutique-oberkampf\/wp-json\/wp\/v2\/pages\/309","targetHints":{"allow":["GET"]}}],"collection":[{"href":"https:\/\/pierresang.com\/boutique-oberkampf\/wp-json\/wp\/v2\/pages"}],"about":[{"href":"https:\/\/pierresang.com\/boutique-oberkampf\/wp-json\/wp\/v2\/types\/page"}],"author":[{"embeddable":true,"href":"https:\/\/pierresang.com\/boutique-oberkampf\/wp-json\/wp\/v2\/users\/1"}],"replies":[{"embeddable":true,"href":"https:\/\/pierresang.com\/boutique-oberkampf\/wp-json\/wp\/v2\/comments?post=309"}],"version-history":[{"count":1,"href":"https:\/\/pierresang.com\/boutique-oberkampf\/wp-json\/wp\/v2\/pages\/309\/revisions"}],"predecessor-version":[{"id":310,"href":"https:\/\/pierresang.com\/boutique-oberkampf\/wp-json\/wp\/v2\/pages\/309\/revisions\/310"}],"wp:attachment":[{"href":"https:\/\/pierresang.com\/boutique-oberkampf\/wp-json\/wp\/v2\/media?parent=309"}],"curies":[{"name":"wp","href":"https:\/\/api.w.org\/{rel}","templated":true}]}}